on factor of t and 42.
6
Suppose -3*r = 3*b - 12 - 72, 2*r - 4 = 0. What is the greatest common divisor of b and 1820?
26
Let r = 66 + -56. Suppose -13 = -3*c - 4*w, 10*c - 8*c + 2*w - r = 0. Suppose -105 = -3*d - 0*d. What is the highest common factor of c and d?
7
Let k be (-1753)/(-9) + 2/9. Suppose k = -x + 2*x. Calculate the greatest common factor of 78 and x.
39
Let u be -1*2/3*75/2. Let s = u - -39. Calculate the greatest common divisor of 126 and s.
14
Suppose 4*d - 68 = 4*n, 81 = 4*d + d - 3*n. Let z = 313 + -58. Let p = z - 180. Calculate the highest common factor of d and p.
15
Suppose 0 = n + c - 1744, 0 = 4*n - 2*c - 2440 - 4506. Calculate the greatest common factor of n and 47.
47
Suppose -95 = -5*b + 150. Suppose b = 3*d - d + 3*p, -5*d = -p - 131. Suppose 2*n - 4*t - 15 = 7, 56 = 4*n + 4*t. What is the highest common factor of d and n?
13
Suppose 5*v - 16 = 14. Suppose j + 5 = v. Suppose 4*m - t - 11 = -4*t, -t = -j. What is the greatest common divisor of 16 and m?
2
Let y(z) = 6*z**2 - 7*z + 5. Let u be (-104)/16 + (-2)/4. Let w be 0 - 1 - (u - -1). Let m be y(w). What is the highest common divisor of m and 15?
15
Suppose -21*z + 22*z = -8. Let q be (-372)/z - (-4)/(-8). What is the greatest common divisor of 506 and q?
46
Let c = -17 + 21. Suppose -c*r + 4 = 2*d - 7*r, 4*d + 4*r - 8 = 0. What is the highest common divisor of d and 4?
2
Let v = 442 + -397. What is the greatest common factor of v and 20?
5
Suppose -11*x + 13*x - 108 = -2*y, 0 = -x + 3. What is the highest common divisor of y and 68?
17
Suppose g + 12 = 2*g. Let j = 24 - g. Let a be (-106)/(-3) - j/36. What is the highest common factor of 7 and a?
7
Let q = 6 - -159. Let l = 38 - 23. What is the highest common divisor of l and q?
15
Suppose -s + 51 = 3*y - 93, -y = 4*s - 59. Suppose -y = -k - 3. What is the greatest common divisor of k and 66?
22
Let b(w) = -w - 1. Let k(z) = -9*z - 14. Let q(g) = -3*b(g) - k(g). Let s be q(9). Calculate the greatest common factor of 25 and s.
25
Suppose 0*r + 3*r = 30. Let a be 9/18 + (-7)/(-2). Suppose 0 = -3*x - a*n + n + 42, 0 = 5*x + 4*n - 71. What is the highest common divisor of r and x?
5
Suppose -o + 13 = 2*w, 0*o = -4*o + w + 7. Let l be (-1)/3 + 19/o. Let u be (-56)/(-42) + 16/6. What is the greatest common factor of u and l?
2
Let j(n) = -n**3 + 44*n**2 - 74*n + 84. Let y be j(42). What is the greatest common factor of y and 63?
63
Let s(n) = n**2 + 21*n + 102. Let z be s(-7). What is the greatest common divisor of z and 972?
4
Suppose -3*v + 11*t - 9*t + 4973 = 0, -v = -4*t - 1641. What is the highest common divisor of v and 11?
11
Suppose -18 - 281 = -23*i. What is the greatest common divisor of 247 and i?
13
Suppose -4*d + 279 = -457. Suppose 32 = -4*b - 5*s, 5*s + 4 = 4*b + s. Let j be 1*69/b*-1. What is the highest common divisor of j and d?
23
Let o(k) = -258*k - 83. Let i be o(-4). Calculate the highest common factor of i and 73.
73
Let y be -35*(6 + -4)*12/(-10). Suppose 0 = 17*z - 11*z - y. Calculate the greatest common factor of 7 and z.
7
Let g(k) = -k**3 - 6*k**2 - k - 9. Let o be g(-6). Let b be (-88)/(-24) - (-2)/o. What is the greatest common factor of b and 27?
3
Let g(f) = f**2 - 14*f - 29. Let n be g(14). Let a = n + 92. Suppose -5*c + 63 - 18 = 0. Calculate the highest common divisor of c and a.
9
Suppose 0 = 2*n - 5*f - 12, -2*n = -2*f - 19 + 7. Calculate the greatest common factor of 18 and n.
6
Let l = -433 - -227. Let b = -116 - l. What is the greatest common divisor of b and 18?
18
Let p(v) = -v**3 - v**2 - v + 3. Let a be p(0). Suppose -3*w - 5*q = -w - 65, a*q + 240 = 5*w. What is the highest common factor of 5 and w?
5
Let y be (1/(-2) - 0)*-10. Suppose 1210 - 3335 = -25*m. Calculate the greatest common factor of m and y.
5
Suppose d = a, -3*d = -2*a + 3*a. Suppose d = w - 9 - 0. Suppose 3*y + 1 = z - 0*y, -y = -4*z + 4. Calculate the highest common divisor of w and z.
1
Suppose -169 - 61 = -2*o. Let z(s) = s**3 - 5*s**2 + 4*s + 3. Let a be z(5). What is the highest common divisor of a and o?
23
Let m(b) = -b**3 + b**2 - 5*b + 3. Let s be m(3). Let n = s + 12. Let z = n - -32. Calculate the greatest common factor of 21 and z.
7
Suppose 3*z - 220 = -2*z. Suppose -4*r + 16 = 0, -4*c + z = r + r. Let n = 161 + -89. What is the greatest common factor of n and c?
9
Let m = 15 + -9. Let d = -2 + m. Let p be 2/(-8) - (-253)/d. Calculate the highest common divisor of p and 9.
9
Let b = -38 + 66. Let g = 31 - b. Suppose g*t + 2*t = 50. What is the greatest common factor of 30 and t?
10
Suppose 0 = -5*s + 7*s + 3*z - 23, -s + 34 = -3*z. Calculate the greatest common divisor of 1140 and s.
19
Suppose 4*k + 12*b = 8*b + 180, -4*k - 5*b = -176. What is the highest common divisor of 784 and k?
49
Suppose 0*j = 5*j + 4*h - 1844, -2*j - 4*h = -740. What is the greatest common divisor of j and 23?
23
Suppose -17*g = -630 + 239. Calculate the greatest common factor of g and 92.
23
Suppose 2*h = 3*w + 72, -2*h + 6*h = 3*w + 156. Let y = 57 - 31. Let l be y + (-4)/(-8)*4. Calculate the greatest common factor of h and l.
14
Let p = 1975 - 1264. What is the highest common factor of p and 79?
79
Let d(n) = -3*n**2 + 6*n - 4. Let k(r) = 9*r**2 - 19*r + 13. Let h(v) = -7*d(v) - 2*k(v). Let w be h(2). What is the greatest common factor of 54 and w?
6
Let w be (-36*(-16)/(-12))/((-3)/3). Suppose -2*y - 3*y - 3*d + 326 = 0, -2*y + d = -126. What is the highest common divisor of w and y?
16
Let h(f) = 4*f - 1. Let m be h(9). Suppose 6 = -v - 4*q + 5, 0 = 4*v + 2*q - 24. What is the greatest common factor of m and v?
7
Let l(t) = -11*t**2 - 85*t + 14. Let v be l(-7). What is the highest common factor of 40 and v?
10
Let p(u) = -u**3 + 16*u**2 - 17*u + 37. Let t be p(15). Calculate the highest common divisor of 301 and t.
7
Let r = 27 - 63. Let t = r - -74. Calculate the greatest common divisor of 38 and t.
38
Let f(i) = 2 - 7*i**2 + 6*i**2 - 2 - 8*i. Let w be f(-6). Suppose 2*g + g - 2*p - w = 0, -2*p + 24 = 3*g. Calculate the highest common factor of 66 and g.
6
Let n(m) = m**2 + 2*m - 21. Let b be n(7). What is the greatest common divisor of b and 12?
6
Let h be 1404/60 + (-6)/15. Suppose 3*a - 115 = 5. Let s = a - h. Calculate the highest common factor of s and 153.
17
Let p be (450/60)/(15/54). What is the highest common factor of 1917 and p?
27
Suppose 24 = 2*z - a - 3*a, 5*a = 0. Suppose 2*q = -3*t - 1, -4*t + q + 2 = -4. Suppose 0 = h - 9 + t. What is the highest common divisor of h and z?
4
Suppose 2*c + c + y - 112 = 0, 3*c + 4*y - 115 = 0. Let m = c - 12. Calculate the highest common factor of 175 and m.
25
Suppose 5*a = o + 1426, 5*o - 1164 = 21*a - 25*a. What is the greatest common factor of 26 and a?
26
Let i(f) = -2*f - 11. Let d be i(-10). Suppose j - 2*j = -d. Suppose -3*p = j, -2*p - 428 = -4*b - 6*p. What is the greatest common factor of b and 44?
22
Let p(n) = -2 - 4 - 6*n + 5*n. Let u be p(-3). Let f(i) = -49*i + 3. Let d be f(u). Calculate the greatest common factor of d and 15.
15
Suppose 0*d + 4*c - 60 = -4*d, -38 = -2*d - 4*c. Calculate the greatest common factor of 1199 and d.
11
Let h = 49 + -40. Suppose 0 = k + 3*i + 1, 0 = 4*k - 9*k - 3*i - 5. Let l = h - k. Calculate the greatest common factor of 10 and l.
10
Suppose 12*g = 132 + 228. Calculate the greatest common divisor of g and 210.
30
Let i(p) = -101*p + 259. Let y be i(2). What is the greatest common divisor of 2679 and y?
57
Let s(g) = -150*g - 170. Let i be s(-12). Calculate the highest common factor of i and 10.
10
Suppose -5*x = -4*s - 50 - 41, -s = 3*x - 58. Suppose 2*p - 214 = 3*i + 125, 5*p - 853 = 2*i. Calculate the highest common factor of p and x.
19
Let d = -15 + 25. Let r = -7 + d. Suppose -r*k = -7*k + 48. What is the greatest common factor of 84 and k?
12
Suppose -3*n + 0*n = 4*g - 47, -4*g + n + 59 = 0. Suppose 3*o - 60 + 18 = 0. Calculate the greatest common divisor of o and g.
14
Suppose -97*s = -5*m - 102*s + 100, -60 = -5*m + 3*s. Let h be ((-9)/(-2))/((-9)/(-12)). Calculate the greatest common factor of m and h.
3
Let z(u) be the first derivative of -u**4 + u - 5. Let x be z(-1). Suppose -30 = -x*w + 3*w. Calculate the highest common factor of 120 and w.
15
Suppose 2*r = -3*j + 11, 4*r + 3*j = -j + 16. Calculate